34 + 0?
4334
In base 9, what is 2415 - 5?
2410
In base 14, what is 6 - -16?
1c
In base 4, what is -12 - 2310?
-2322
In base 15, what is -5 - -1b1?
1ab
In base 16, what is -3153 + 1?
-3152
In base 10, what is 2 + 168?
170
In base 6, what is -121145 + 1?
-121144
In base 13, what is 8b0 + -1?
8ac
In base 13, what is -a + 58c?
582
In base 14, what is -29 + -4?
-2d
In base 6, what is -11 + 201?
150
In base 3, what is -10120 - -2110?
-1010
In base 5, what is -10013 - -40?
-4423
In base 12, what is -b1 + -46?
-137
In base 2, what is -110011111 - -11?
-110011100
In base 10, what is -69 - 28?
-97
In base 14, what is -a6 - -34?
-72
In base 3, what is -11 - 100011?
-100022
In base 13, what is -508 - 23?
-52b
In base 2, what is 110000100101 + 10?
110000100111
In base 2, what is -11010000 - 101?
-11010101
In base 10, what is -2 - -65?
63
In base 13, what is 3 - -9?
c
In base 13, what is 1750 - -5?
1755
In base 9, what is -125 - 5?
-131
In base 7, what is -204 + -4?
-211
In base 4, what is -31301 + 20?
-31221
In base 11, what is -5 - -1985?
1980
In base 7, what is 206 - -12?
221
In base 12, what is 20 + -4?
18
In base 5, what is -10 - -12?
2
In base 9, what is 6 - 7?
-1
In base 2, what is -110111111101000 - -101?
-110111111100011
In base 16, what is -3 + -85?
-88
In base 2, what is 100 - 11111110?
-11111010
In base 9, what is 7 - -16?
24
In base 8, what is -4 - -1176?
1172
In base 9, what is -3 - 107?
-111
In base 10, what is -1 + 9?
8
In base 6, what is 1041552 + 2?
1041554
In base 13, what is -2a3 - -2?
-2a1
In base 4, what is -101 + 101?
0
In base 10, what is 7 - 25?
-18
In base 3, what is -1001 + 211?
-20
In base 2, what is -110010111 - 0?
-110010111
In base 8, what is 1 - 1151?
-1150
In base 3, what is -2200120 + -10?
-2200200
In base 3, what is 121 - 0?
121
In base 10, what is -5 - 4092?
-4097
In base 14, what is 100 - -7?
107
In base 10, what is -18 + 96?
78
In base 11, what is 7 + 58a?
596
In base 3, what is 0 - -21022?
21022
In base 2, what is -10 - -10111?
10101
In base 12, what is 36 + 5?
3b
In base 8, what is -2054 - -1?
-2053
In base 9, what is 28 + 44?
73
In base 14, what is -c56 + -c?
-c64
In base 3, what is -1200 + -210?
-2110
In base 3, what is -111 + 11?
-100
In base 7, what is -1 - -244?
243
In base 4, what is 233 - -21?
320
In base 3, what is 10 + 12212?
12222
In base 5, what is -2 + -102442?
-102444
In base 3, what is -102020120 - 2?
-102020122
In base 5, what is -10 - -201?
141
In base 11, what is 4 - 16?
-12
In base 16, what is 1a - -2?
1c
In base 11, what is 0 + 50?
50
In base 5, what is -4 + 1333?
1324
In base 8, what is 265 + 315?
602
In base 4, what is 1011 - -32?
1103
In base 8, what is -157 - 26?
-205
In base 13, what is 28 + -8?
20
In base 8, what is -14 - -7?
-5
In base 3, what is 11010 - -20?
11100
In base 2, what is 11 - -1010110?
1011001
In base 12, what is 50 - -3?
53
In base 9, what is 504 + 8?
513
In base 14, what is 139 + -3?
136
In base 13, what is 11 - -84?
95
In base 14, what is 46 + -20?
26
In base 5, what is -1 - -13322?
13321
In base 14, what is -3 - -66?
63
In base 4, what is 10 + 3310?
3320
In base 5, what is 14 + 14?
33
In base 2, what is 101000 + -111000?
-10000
In base 11, what is 5061 + -4?
5058
In base 13, what is 10 - c?
1
In base 4, what is 0 + 30301?
30301
In base 2, what is 1100111 + 0?
1100111
In base 7, what is -4 - 40?
-44
In base 3, what is -1200 - -22?
-1101
In base 4, what is -10020 - -313?
-3101
In base 4, what is -10330 - 1111?
-12101
In base 15, what is -8c - 17?
-a4
In base 14, what is -3c7 + -6?
-3cd
In base 15, what is -85 + 131?
9b
In base 7, what is 4 - -506?
513
In base 5, what is 14 + 1322?
1341
In base 12, what is -1 + -139?
-13a
In base 12, what is -2 + 207?
205
In base 10, what is -2 + 661?
659
In base 11, what is -2739 - 1?
-273a
In base 15, what is -374 + 2?
-372
In base 16, what is c + -1b0?
-1a4
In base 14, what is -3 - 488?
-48b
In base 6, what is -3 - 5153?
-5200
In base 8, what is 47 - 1?
46
In base 7, what is 2 - -114?
116
In base 4, what is 11311 + -11?
11300
In base 5, what is 30 - -221?
301
In base 9, what is 3155 - 1?
3154
In base 3, what is 22001 - 201?
21100
In base 13, what is 5 + -78b?
-786
In base 13, what is bc + 0?
bc
In base 9, what is -2 + -44?
-46
In base 13, what is -8 - -86?
7b
In base 6, what is -2 + 251?
245
In base 2, what is -10 + -10000?
-10010
In base 9, what is -4 - -207?
203
In base 6, what is 134 + 1451?
2025
In base 4, what is 3 + -201320?
-201311
In base 8, what is 15 - -33?
50
In base 11, what is 16 + 49?
64
In base 3, what is -10 - 1?
-11
In base 7, what is -10620 + 0?
-10620
In base 9, what is 436 + -1?
435
In base 11, what is 4719 - -1?
471a
In base 15, what is 1 - -5?
6
In base 7, what is 1 + 113?
114
In base 16, what is -f + 1ee?
1df
In base 3, what is 1010 + 200?
1210
In base 14, what is -13 - -2?
-11
In base 4, what is -230 - 3133?
-10023
In base 13, what is a + 2?
c
In base 7, what is 5 + 1?
6
In base 8, what is 161 + 366?
547
In base 11, what is 4 - -1305?
1309
In base 4, what is 20123 - 3?
20120
In base 5, what is 0 - 113?
-113
In base 14, what is -16 - -17?
1
In base 4, what is -200 + 10?
-130
In base 8, what is -1702 + 13?
-1667
In base 15, what is -88a - 4?
-88e
In base 5, what is -4 + 403?
344
In base 9, what is -380 - 1?
-381
In base 6, what is 23 + 1?
24
In base 5, what is 12 - 40?
-23
In base 5, what is -10 - 4300?
-4310
In base 16, what is -1e63 + -4?
-1e67
In base 6, what is -23 - 12?
-35
In base 5, what is 10 - -1404?
1414
In base 11, what is 13 - 25?
-12
In base 7, what is 4 - 10120?
-10113
In base 5, what is 14032 - 4?
14023
In base 9, what is 2 - -74?
76
In base 14, what is 30 + -a?
24
In base 14, what is -4 + -109?
-10d
In base 5, what is -1 + -11320?
-11321
In base 2, what is -11 + -101?
-1000
In base 8, what is 0 + 313?
313
In base 8, what is 1575 - -4?
1601
In base 16, what is 746 - 4?
742
In base 16, what is -5 + -6e8?
-6ed
In base 13, what is -4301 - 5?
-4306
In base 5, what is -3 - -100?
42
In base 13, what is -b0 + -3b?
-11b
In base 9, what is -234 - 2?
-236
In base 9, what is -2 + -2?
-4
In base 12, what is -32b - -1?
-32a
In base 2, what is -11010111 + -11?
-11011010
In base 11, what is 0 - 836?
-836
In base 3, what is 1100 - -2?
1102
In base 16, what is -1 + -5?
-6
In base 11, what is 1 + 12a3?
12a4
In base 4, what is 1 + -110?
-103
In base 3, what is 10210 - 21?
10112
In base 12, what is -6 - -6a7?
6a1
In base 3, what is -110112 + -2?
-110121
In base 8, what is 5 + 140?
145
In base 7, what is -502 - 20?
-522
In base 2, what is 100 - 101001?
-100101
In base 15, what is -22c - -1?
-22b
In base 14, what is 165 - -1?
166
In base 16, what is -4 - 14?
-18
In base 11, what is 6282 + 3?
6285
In base 13, what is -17 - -119?
102
In base 9, what is -2584 + 22?
-2562
In base 12, what is 5 + 265?
26a
In base 6, what is -52 + -135?
-231
In base 10, what is 312 - -4?
316
In base 3, what is 2222 - 100?
2122
In base 3, what is 2221 - 11?
2210
In base 13, what is 5 + b9?
c1
In base 9, what is -433 - -4?
-428
In base 9, what is 4 + -257?
-253
In base 8, what is -215 - -3?
-212
In base 3, what is -1202 - -220?
-212
In base 4, what is -1122 - -202?
-320
In base 12, what is b8 - 1?
b7
In base 8, what is -4 - 1177?
-1203
In base 9, what is 104 + 74?
178
In base 16, what is -1b - -13?
-8
In base 8, what is 5 + -261?
-254
In base 9, what is 4 - 124?
-120
In base 7, what is 3 + 12505?
12511
In base 11, what is 39a - 21?
379
In base 11, what is -65 - -4?
-61
In base 2, what is 100011 - 100010?
1
In base 11, what is 2 + -285?
-283
In base 4, what is 2002 + -20?
1322
In base 7, what is 1 + -22266?
-22265
In base 5, what is -114332 + -3?
-114340
In base 6, what is 10155 + 0?
10155
In base 10, what is -40 - -568?
528
In base 16, what is 408 - -6?
40e
In base 12, what is b - -169?
178
In base 13, what is 4c59 + 3?
4c5c
In base 6, what is -3 - -2335?
2332
In base 2, what is -11010 - 1?
-11011
In base 4, what is 20 + 222?
302
In base 10, what is 65 + -4?
61
In base 12, what is -a86 + 1?
-a85
In base 12, what is -5 - -66?
61
In base 6, what is -1025 + -14?
-1043
In base 7, what is -5 - -340?
332
In base 10, what is 473 - -7?
480
In base 16, what is -5 + -9aa?
-9af
In base 7, what is 12 - -452?
464
In base 8, what is 2 + 134?
136
In base 16, wha